
False
Is 2 a factor of 596?
True
Is 84 a factor of 15960?
True
Is 6237 a multiple of 32?
False
Is 25869 a multiple of 26?
False
Is 9 a factor of 3604?
False
Does 29 divide 48858?
False
Does 34 divide 4998?
True
Does 87 divide 4383?
False
Does 4 divide 1370?
False
Is 3128 a multiple of 68?
True
Is 104 a multiple of 26?
True
Does 16 divide 5216?
True
Does 67 divide 1902?
False
Does 239 divide 16969?
True
Is 208 a factor of 40560?
True
Is 12 a factor of 259?
False
Is 18 a multiple of 8?
False
Is 10 a factor of 5590?
True
Is 613 a multiple of 4?
False
Does 46 divide 1267?
False
Does 93 divide 372?
True
Is 19 a factor of 133?
True
Does 85 divide 110415?
True
Is 9 a factor of 3284?
False
Is 5 a factor of 2105?
True
Does 44 divide 308?
True
Is 92 a factor of 1324?
False
Is 1170 a multiple of 7?
False
Is 8295 a multiple of 9?
False
Is 215 a multiple of 11?
False
Does 109 divide 20492?
True
Does 86 divide 11173?
False
Does 38 divide 1678?
False
Is 18 a factor of 360?
True
Is 25473 a multiple of 18?
False
Is 1521 a multiple of 37?
False
Is 11 a factor of 671?
True
Is 15 a factor of 11850?
True
Is 191 a factor of 65131?
True
Is 19426 a multiple of 16?
False
Is 7 a factor of 1132?
False
Does 11 divide 503?
False
Does 20 divide 3300?
True
Does 48 divide 480?
True
Is 12 a factor of 600?
True
Does 51 divide 6424?
False
Does 2 divide 594?
True
Does 37 divide 6697?
True
Is 9552 a multiple of 24?
True
Does 16 divide 34608?
True
Is 115 a factor of 12880?
True
Is 56 a factor of 9184?
True
Does 18 divide 287?
False
Is 2118 a multiple of 6?
True
Is 49980 a multiple of 70?
True
Does 12 divide 7316?
False
Does 10 divide 394?
False
Does 31 divide 279?
True
Is 447 a multiple of 6?
False
Does 4 divide 5516?
True
Does 9 divide 382?
False
Is 10 a factor of 3471?
False
Is 22 a factor of 9749?
False
Is 57216 a multiple of 128?
True
Is 8 a factor of 624?
True
Is 6307 a multiple of 53?
True
Is 209 a factor of 8151?
True
Is 6 a factor of 4170?
True
Is 6 a factor of 5511?
False
Is 83 even?
False
Is 9301 a multiple of 71?
True
Is 7293 a multiple of 111?
False
Is 1810 a multiple of 28?
False
Is 184 a factor of 7728?
True
Does 38 divide 3230?
True
Does 3 divide 17?
False
Is 342 a factor of 82764?
True
Does 28 divide 280?
True
Does 2 divide 215?
False
Is 7 a factor of 2779?
True
Is 10146 a multiple of 114?
True
Is 2324 a multiple of 8?
False
Is 4470 a multiple of 10?
True
Is 73 a factor of 365?
True
Is 2288 a multiple of 8?
True
Does 83 divide 59843?
True
Does 110 divide 10716?
False
Is 7 a factor of 541?
False
Is 7 a factor of 2002?
True
Is 209 a factor of 17556?
True
Is 61 a factor of 9821?
True
Does 54 divide 22519?
False
Does 14 divide 1353?
False
Is 3 a factor of 352?
False
Does 11 divide 65260?
False
Does 10 divide 36106?
False
Is 330 a multiple of 9?
False
Does 80 divide 1300?
False
Does 12 divide 1248?
True
Is 1836 a multiple of 54?
True
Does 37 divide 851?
True
Is 37 a factor of 259?
True
Is 3226 a multiple of 13?
False
Is 11529 a multiple of 119?
False
Is 1275 a multiple of 17?
True
Is 72 a factor of 71640?
True
Is 16 a factor of 3886?
False
Is 266 a multiple of 7?
True
Is 26 a factor of 8319?
False
Is 16 a factor of 49066?
False
Is 360 a multiple of 15?
True
Is 33 a factor of 5280?
True
Does 28 divide 1097?
False
Is 23556 a multiple of 78?
True
Does 53 divide 24363?
False
Is 1361 a multiple of 29?
False
Is 17 a factor of 17969?
True
Is 3 a factor of 147?
True
Is 6885 a multiple of 81?
True
Does 9 divide 2817?
True
Is 4 a factor of 10768?
True
Does 12 divide 691?
False
Is 120 a factor of 49560?
True
Is 8 a factor of 332?
False
Does 14 divide 28?
True
Is 93 a factor of 558?
True
Does 54 divide 1093?
False
Does 122 divide 6588?
True
Is 20 a factor of 262?
False
Is 21 a factor of 525?
True
Is 8 a factor of 239?
False
Is 624 a multiple of 24?
True
Is 169 a multiple of 2?
False
Is 284 a multiple of 24?
False
Is 1050 a multiple of 14?
True
Does 10 divide 4210?
True
Is 2636 a multiple of 8?
False
Is 57828 a multiple of 158?
True
Does 16 divide 349?
False
Does 34 divide 1734?
True
Is 36 a factor of 6264?
True
Is 52 a factor of 948?
False
Is 34 a factor of 18338?
False
Is 14 a factor of 466?
False
Is 95 a factor of 7773?
False
Is 1926 a multiple of 9?
True
Does 27 divide 47088?
True
Does 27 divide 729?
True
Is 6342 a multiple of 10?
False
Is 61 a factor of 43615?
True
Is 11856 a multiple of 3?
True
Does 25 divide 4885?
False
Is 42 a multiple of 3?
True
Is 55 a multiple of 5?
True
Does 11 divide 30800?
True
Does 13 divide 63375?
True
Is 45 a factor of 6390?
True
Does 4 divide 2572?
True
Is 37 a factor of 11763?
False
Is 4 a factor of 84?
True
Is 744 a multiple of 30?
False
Does 9 divide 47?
False
Does 35 divide 7105?
True
Does 10 divide 354?
False
Does 16 divide 7821?
False
Is 40150 a multiple of 55?
True
Is 200 a multiple of 7?
False
Is 4776 a multiple of 24?
True
Does 52 divide 1089?
False
Is 779 a multiple of 41?
True
Is 203 a multiple of 2?
False
Is 8890 a multiple of 35?
True
Is 99 a multiple of 2?
False
Is 5 a factor of 185?
True
Does 54 divide 10368?
True
Is 15 a factor of 21765?
True
Is 25 a factor of 27692?
False
Does 49 divide 3201?
False
Is 2530 a multiple of 55?
True
Is 14 a factor of 50680?
True
Does 33 divide 1023?
True
Is 53 a factor of 35563?
True
Is 18 a factor of 7992?
True
Does 42 divide 51847?
False
Is 28658 a multiple of 14?
True
Is 2370 a multiple of 16?
False
Is 15929 a multiple of 9?
False
Is 2263 a multiple of 88?
False
Is 29 a factor of 381?
False
Is 6 a factor of 1982?
False
Is 74 a factor of 12062?
True
Is 5 a factor of 1395?
True
Is 127 a factor of 7686?
False
Is 13 a factor of 50106?
False
Is 5 a factor of 135?
True
Is 3301 a multiple of 75?
False
Does 12 divide 3288?
True
Is 14 a multiple of 13?
False
Is 2520 a multiple of 10?
True
Is 2 a factor of 69?
False
Does 51 divide 18092?
False
Does 65 divide 10140?
True
Is 192 a multiple of 8?
True
Is 6 a factor of 4463?
False
Does 22 divide 111?
False
Does 176 divide 18601?
False
Is 732 a multiple of 61?
True
Is 720 a multiple of 20?
True
Is 4 a factor of 2020?
True
Is 2 a factor of 6728?
True
Is 84240 a multiple of 65?
True
Does 19 divide 13832?
True
Is 7095 a multiple of 33?
True
Is 11 a factor of 2831?
False
Is 46 a factor of 5428?
True
Is 101160 a multiple of 60?
True
Is 12551 a multiple of 11?
True
Is 15 a factor of 8160?
True
Is 28521 a multiple of 16?
False
Is 80 a factor of 6080?
True
Is 26 a factor of 104057?
False
Does 43 divide 4477?
False
Is 70 a factor of 19600?
True
Is 20284 a multiple of 65?
False
Is 38 a factor of 473?
False
Does 45 divide 2668?
False
Is 13 a factor of 346?
False
Does 25 divide 2434?
False
Is 4 a factor of 45?
False
Is 5686 a multiple of 5?
False
Does 152 divide 1216?
True
Is 770 a multiple of 10?
True
Is 181 a multiple of 12?
False
Does 40 divide 1178?
False
Does 102 divide 918?
True
Is 2 a factor of 75?
False
Does 94 divide 10998?
True
Does 9 divide 1775?
False
Is 4144 a multiple of 14?
True
Is 86 a factor of 688?
True
Does 12 divide 22163?
False
Does 7 divide 5245?
False
Is 657 a multiple of 32?
False
Does 26 divide 494?
True
Does 22 divide 247?
False
Does 37 divide 5068?
False
Does 69 divide 275?
False
Is 18139 a multiple of 97?
True
Is 333 a multiple of 10?
False
Does 11 divide 2318?
False
Is 5600 a multiple of 32?
True
Is 18 a factor of 695?
False
Is 37 a factor of 6774?
False
Is 109 a multiple of 89?
False
Is 82736 a multiple of 19?
False
Is 12464 a multiple of 38?
True
Is 2061 a multiple of 4?
False
Is 106 a factor of 4240?
True
Does 12 divide 443?
False
Is 11 a factor of 1551?
True
Is 36147 a multiple of 93?
False
Is 3 a factor of 591?
True
Is 2 a factor of 847?
False
Is 992 a multiple of 19?
False
Is 159 a factor of 13674?
True
Is 231 a multiple of 7?
True
Is 21166 a multiple of 119?
False
Is 2705 a multiple of 26?
False
Is 434 a multiple of 15?
False
Is 8993 a multiple of 23?
True
Is 123 a multiple of 25?
False
Is 17510 a multiple of 23?
False
Is 6 a factor of 11424?
True
Is 51 a multiple of 2?
False
Does 179 divide 43855?
True
Does 10 divide 80?
True
Does 19 divide 135562?
False
Is 18 a factor of 1048?
False
Does 4 divide 14904?
True
Does 17 divide 3302?
False
Is 1532 a multiple of 11?
False
Does 245 divide 42147?
False
Is 38 a factor of 1696?
False
Is 10215